ded by 702.
23
What is the remainder when 9011673 is divided by 13864?
73
Calculate the remainder when 158442 is divided by 53.
25
What is the remainder when 15679403 is divided by 157?
127
What is the remainder when 356117 is divided by 50870?
27
What is the remainder when 2268050 is divided by 3008?
18
What is the remainder when 538618 is divided by 249?
31
What is the remainder when 10843784 is divided by 5421878?
28
What is the remainder when 41590 is divided by 67?
50
Calculate the remainder when 31070355 is divided by 95896.
51
What is the remainder when 39268 is divided by 13088?
4
What is the remainder when 259182 is divided by 2567?
2482
What is the remainder when 1487024 is divided by 725?
49
What is the remainder when 847813 is divided by 36861?
10
What is the remainder when 378442 is divided by 189216?
10
What is the remainder when 23383 is divided by 74?
73
Calculate the remainder when 139233 is divided by 46080.
993
What is the remainder when 328063 is divided by 171?
85
What is the remainder when 13799672 is divided by 32167?
29
What is the remainder when 42304 is divided by 1458?
22
What is the remainder when 192177 is divided by 13721?
83
What is the remainder when 2821545 is divided by 3656?
2769
What is the remainder when 30937916 is divided by 232?
20
Calculate the remainder when 2291217 is divided by 381863.
39
What is the remainder when 159609361 is divided by 7?
2
Calculate the remainder when 12140 is divided by 2238.
950
Calculate the remainder when 1392929 is divided by 278472.
569
Calculate the remainder when 167631 is divided by 167505.
126
What is the remainder when 659359 is divided by 659337?
22
Calculate the remainder when 264031 is divided by 785.
271
Calculate the remainder when 43823383 is divided by 19.
16
Calculate the remainder when 23399 is divided by 1492.
1019
Calculate the remainder when 230657 is divided by 31.
17
What is the remainder when 82650 is divided by 187?
183
What is the remainder when 738206 is divided by 2646?
2618
What is the remainder when 693881 is divided by 2401?
2393
What is the remainder when 12934115 is divided by 234?
233
Calculate the remainder when 12599 is divided by 11505.
1094
Calculate the remainder when 510830 is divided by 46439.
1
Calculate the remainder when 2506216 is divided by 1442.
20
What is the remainder when 3145595 is divided by 2545?
2520
What is the remainder when 853993 is divided by 8?
1
Calculate the remainder when 95910388 is divided by 477.
475
Calculate the remainder when 8824660 is divided by 48487.
26
Calculate the remainder when 36555127 is divided by 12185041.
4
Calculate the remainder when 724440 is divided by 181092.
72
Calculate the remainder when 41620 is divided by 41608.
12
What is the remainder when 59072324 is divided by 2141?
2134
Calculate the remainder when 80232 is divided by 207.
123
Calculate the remainder when 704060 is divided by 133.
91
Calculate the remainder when 629700732 is divided by 38.
34
Calculate the remainder when 644608 is divided by 4355.
68
What is the remainder when 3073437 is divided by 768357?
9
What is the remainder when 111576308 is divided by 995?
988
What is the remainder when 105176 is divided by 507?
227
What is the remainder when 151341 is divided by 363?
333
Calculate the remainder when 3965 is divided by 92.
9
Calculate the remainder when 60217869 is divided by 528.
525
Calculate the remainder when 32876 is divided by 766.
704
What is the remainder when 60825669 is divided by 5316?
5313
Calculate the remainder when 635901 is divided by 786.
27
Calculate the remainder when 13524481 is divided by 1440.
1
What is the remainder when 3715997 is divided by 114?
53
What is the remainder when 34165580 is divided by 251?
213
What is the remainder when 4185662 is divided by 4185635?
27
Calculate the remainder when 731029 is divided by 182754.
13
Calculate the remainder when 7948 is divided by 3561.
826
What is the remainder when 650661 is divided by 176?
165
Calculate the remainder when 1321575 is divided by 3.
0
What is the remainder when 258621 is divided by 128324?
1973
What is the remainder when 629846621 is divided by 6455?
6451
Calculate the remainder when 17721731 is divided by 18251.
10
What is the remainder when 860214 is divided by 107351?
1406
Calculate the remainder when 2860115 is divided by 2678.
11
What is the remainder when 6490034 is divided by 31?
29
What is the remainder when 13071 is divided by 12915?
156
Calculate the remainder when 17645912 is divided by 279.
278
Calculate the remainder when 196594 is divided by 65366.
496
What is the remainder when 14167 is divided by 4719?
10
Calculate the remainder when 139901 is divided by 49.
6
What is the remainder when 12800717 is divided by 41292?
197
What is the remainder when 47475 is divided by 7734?
1071
What is the remainder when 1352998 is divided by 35605?
8
Calculate the remainder when 1679187 is divided by 220.
147
What is the remainder when 57094295 is divided by 865?
835
Calculate the remainder when 1709879 is divided by 7598.
329
Calculate the remainder when 6730661 is divided by 517723.
262
Calculate the remainder when 156252934 is divided by 811.
808
Calculate the remainder when 2886076 is divided by 332.
0
Calculate the remainder when 866955 is divided by 5418.
75
What is the remainder when 920985 is divided by 184127?
350
Calculate the remainder when 19853154 is divided by 34.
10
What is the remainder when 706836 is divided by 4533?
4221
What is the remainder when 66651254 is divided by 99?
98
Calculate the remainder when 2624794 is divided by 114117.
103
What is the remainder when 281292 is divided by 46822?
360
What is the remainder when 1549082 is divided by 2774?
1190
What is the remainder when 30021396 is divided by 11?
9
Calculate the remainder when 5404547 is divided by 79.
78
What is the remainder when 6852630 is divided by 978947?
1
What is the remainder when 92016 is divided by 30570?
306
What is the remainder when 809784 is divided by 22494?
0
Calculate the remainder when 31877 is divided by 3089.
987
What is the remainder when 290355 is divided by 174?
123
What is the remainder when 98086 is divided by 275?
186
Calculate the remainder when 962373 is divided by 154.
27
Calculate the remainder when 941567 is divided by 599.
538
Calculate the remainder when 7869626 is divided by 589.
586
Calculate the remainder when 21871083 is divided by 20790.
3
Calculate the remainder when 14231884 is divided by 27.
22
What is the remainder when 7451650 is divided by 128?
2
What is the remainder when 3008390 is divided by 76?
6
What is the remainder when 649794 is divided by 30942?
12
What is the remainder when 767649 is divided by 2438?
2117
What is the remainder when 9314521 is divided by 931450?
21
Calculate the remainder when 21573181 is divided by 10786587.
7
What is the remainder when 535513 is divided by 7128?
913
Calculate the remainder when 2995798 is divided by 56523.
79
What is the remainder when 7659399 is divided by 25?
24
Calculate the remainder when 196599 is divided by 11511.
912
What is the remainder when 34725179 is divided by 373?
371
Calculate the remainder when 2325064 is divided by 4968.
40
Calculate the remainder when 4666402 is divided by 614.
2
What is the remainder when 474523 is divided by 59304?
91
Calculate the remainder when 114007 is divided by 422.
67
Calculate the remainder when 3174829 is divided by 2768.
2701
What is the remainder when 19396 is divided by 1841?
986
What is the remainder when 14781255 is divided by 6?
3
What is the remainder when 44407417 is divided by 22?
21
Calculate the remainder when 163005648 is divided by 15789.
12
Calculate the remainder when 1853075 is divided by 1450.
1425
Calculate the remainder when 28579 is divided by 15.
4
What is the remainder when 37685 is divided by 626?
125
Calculate the remainder when 52466 is divided by 3603.
2024
Calculate the remainder when 55443821 is divided by 361.
358
Calculate the remainder when 8569 is divided by 5498.
3071
Calculate the remainder when 91880 is divided by 85659.
6221
Calculate the remainder when 326413 is divided by 1477.
1473
Calculate the remainder when 230622 is divided by 4039.
399
What is the remainder when 994851 is divided by